 25028?
4
Calculate the greatest common divisor of 1050794872 and 2056.
2056
What is the highest common divisor of 50700 and 538442450?
8450
Calculate the highest common divisor of 3089658 and 9174.
66
What is the highest common divisor of 3759 and 29446753?
1253
Calculate the highest common divisor of 22 and 11115995.
11
Calculate the greatest common factor of 13952138 and 94.
94
What is the highest common factor of 403971 and 36261?
51
Calculate the greatest common factor of 51983481 and 498.
249
What is the greatest common factor of 13518978 and 187?
187
What is the highest common factor of 606 and 95763453?
303
Calculate the greatest common divisor of 70880 and 968841.
443
Calculate the highest common divisor of 36 and 1927542.
6
Calculate the greatest common divisor of 5284 and 6044.
4
Calculate the greatest common factor of 388863 and 48.
3
Calculate the highest common divisor of 6626022 and 14820.
1482
What is the greatest common factor of 229299 and 604632?
1281
Calculate the highest common factor of 45212 and 817732.
356
Calculate the highest common factor of 2050 and 5932150.
50
Calculate the greatest common divisor of 13289650 and 850.
50
What is the greatest common factor of 417 and 489777?
3
Calculate the greatest common divisor of 27 and 120557.
1
What is the highest common divisor of 1583156 and 2356456?
2812
What is the highest common divisor of 6809 and 12573128?
619
Calculate the highest common factor of 146838826 and 119.
17
What is the greatest common factor of 2926 and 56100996?
266
What is the highest common divisor of 167219 and 44707?
247
Calculate the greatest common factor of 477908 and 6.
2
What is the greatest common factor of 675829 and 8911?
469
What is the highest common divisor of 31 and 112675049?
31
Calculate the highest common divisor of 8 and 32363.
1
What is the highest common divisor of 198 and 20356578?
198
Calculate the highest common factor of 110931864 and 48.
24
What is the greatest common divisor of 1401887 and 492210?
1823
What is the greatest common factor of 48004620 and 1620?
60
What is the highest common factor of 655 and 92987?
1
What is the highest common divisor of 36 and 865611?
9
What is the highest common factor of 335338659 and 333?
333
Calculate the greatest common factor of 1067 and 94360145.
1067
What is the greatest common factor of 142324 and 274176?
476
Calculate the greatest common factor of 20 and 418662.
2
Calculate the greatest common factor of 192 and 7241408.
64
What is the highest common factor of 13216560 and 3570?
210
What is the greatest common divisor of 161010944 and 16?
16
What is the greatest common factor of 17825 and 1575845?
115
What is the highest common divisor of 664813 and 7240?
181
Calculate the greatest common divisor of 47290848 and 2508.
2508
What is the highest common factor of 82710 and 242010?
90
What is the greatest common divisor of 5130573 and 189?
21
What is the greatest common divisor of 742996607 and 2551?
2551
Calculate the highest common factor of 77654194 and 148.
74
Calculate the highest common divisor of 432621 and 1099.
7
What is the greatest common factor of 3704824 and 184?
8
What is the highest common factor of 7130 and 49240090?
310
Calculate the greatest common factor of 10400 and 2202800.
400
Calculate the highest common divisor of 1369834 and 1472.
46
What is the highest common divisor of 31987 and 5?
1
What is the highest common divisor of 771696 and 82249?
233
Calculate the highest common divisor of 9972 and 1543828476.
3324
What is the highest common factor of 92443 and 1075949?
547
Calculate the highest common divisor of 36 and 279868092.
12
What is the highest common factor of 1244551 and 7?
7
Calculate the greatest common divisor of 5598575 and 113525.
5975
What is the greatest common factor of 87382752 and 7104?
3552
What is the highest common factor of 17 and 2683706071?
17
What is the greatest common divisor of 2881 and 110765807?
2881
Calculate the highest common factor of 1452 and 7373388.
132
What is the greatest common divisor of 37196 and 17272?
68
Calculate the greatest common factor of 2313459 and 228456.
171
What is the greatest common divisor of 6795536 and 5104?
176
What is the highest common factor of 200 and 93920?
40
What is the greatest common factor of 273 and 11700897?
39
Calculate the greatest common divisor of 4731 and 4885527.
57
What is the greatest common divisor of 11579302 and 70?
14
What is the highest common divisor of 128 and 10978928?
16
Calculate the highest common divisor of 1212 and 126745708.
404
Calculate the greatest common divisor of 14720 and 160640.
640
What is the greatest common divisor of 90230 and 2256590?
70
What is the highest common factor of 14774361 and 124257?
2037
What is the highest common factor of 422847 and 3861?
27
Calculate the greatest common divisor of 6200 and 8577080.
1240
Calculate the greatest common divisor of 14041 and 6920735.
739
What is the highest common factor of 1971646 and 23999?
233
Calculate the highest common factor of 5264 and 28255648.
752
Calculate the greatest common divisor of 508345 and 24415.
95
Calculate the highest common divisor of 214472912 and 7120.
1424
Calculate the highest common divisor of 41140 and 280060.
220
Calculate the greatest common divisor of 232797588 and 12.
12
What is the highest common factor of 8044044 and 9696?
1212
Calculate the highest common divisor of 2595885 and 90.
15
What is the highest common factor of 48 and 39757?
1
What is the highest common factor of 8 and 41395804?
4
What is the highest common divisor of 299 and 1118490?
23
Calculate the highest common factor of 305842 and 1258.
74
What is the greatest common factor of 14536 and 48901?
79
What is the highest common divisor of 133 and 207252?
19
Calculate the greatest common divisor of 903 and 21297.
3
Calculate the highest common divisor of 1768 and 1294397.
221
What is the highest common divisor of 1904896 and 6944?
224
Calculate the highest common divisor of 5232 and 17932353.
327
What is the greatest common divisor of 5144 and 1700816?
8
Calculate the highest common factor of 30333776 and 352.
176
What is the greatest common factor of 4716 and 50493426?
786
Calculate the greatest common divisor of 210613 and 2329.
17
What is the greatest common factor of 516306 and 73948?
266
What is the greatest common factor of 72810993 and 3?
3
Calculate the highest common divisor of 33592 and 1213188.
1292
What is the greatest common factor of 1926288 and 138240?
432
What is the greatest common factor of 73332 and 449092?
28
Calculate the highest common factor of 4012694 and 2431184.
6202
What is the highest common divisor of 5412 and 683628?
132
What is the greatest common factor of 71705 and 185?
5
What is the highest common factor of 2120 and 556377040?
2120
What is the greatest common divisor of 3717 and 57099?
21
What is the highest common factor of 105 and 7310289?
21
Calculate the greatest common factor of 20072104 and 84864.
1768
Calculate the highest common factor of 87234 and 2511558.
1302
Calculate the highest common factor of 1736304 and 2928.
2928
Calculate the highest common divisor of 2522569 and 98.
49
What is the greatest common divisor of 215460 and 7742385?
2835
Calculate the greatest common divisor of 2072140 and 41328.
1148
Calculate the highest common factor of 21111264 and 352.
32
What is the highest common divisor of 16444681 and 1749?
583
What is the highest common divisor of 9690269 and 146177?
1151
Calculate the greatest common divisor of 92173669 and 511.
511
What is the highest common divisor of 75582 and 56846062?
8398
What is the highest common factor of 30023 and 3478379?
4289
What is the greatest common factor of 44439 and 1111893406?
14813
Calculate the highest common factor of 2570 and 79790.
10
Calculate the greatest common factor of 90 and 19454570.
10
Calculate the greatest common divisor of 246856 and 2180168.
472
What is the highest common factor of 4430 and 110812020?
4430
Calculate the highest common factor of 1213878 and 45471.
1977
Calculate the greatest common divisor of 160471840 and 10.
10
Calculate the highest common factor of 8019 and 307560.
33
What is the greatest common divisor of 330304 and 4368?
208
What is the highe